 - 1. Determine p(2).
1
Let g(d) = -d**3 - 17*d**2 + 18*d - 10. Determine g(-18).
-10
Let r(w) = -6*w**2 + 1. Calculate r(1).
-5
Let j(k) = k**3 + 19*k**2 + 17*k - 29. Give j(-18).
-11
Let z(o) = o**2 + 15*o + 4. Calculate z(-14).
-10
Let n(c) = c**3 + 6*c**2 - 2*c - 16. What is n(-5)?
19
Let n(j) = -j**2 - 9*j - 7. Determine n(-6).
11
Let x(j) = -j**3 + 8*j**2 - 9*j + 13. What is x(7)?
-1
Let n(p) = -p**3 - 21*p**2 - 30*p - 93. Determine n(-20).
107
Let q(r) = -r**3 - 2*r**2 + 4*r - 1. Calculate q(-3).
-4
Let r(c) = -c**2 - 12*c + 4. Give r(-14).
-24
Let l(r) = 5*r - 9. What is l(8)?
31
Let a(j) = j - 42. Give a(18).
-24
Let p(j) = -j**3 - 21*j**2 + 2*j + 18. Give p(-21).
-24
Let y(u) = -2*u**3 + 6*u**2 - 2*u - 9. What is y(2)?
-5
Let j(b) = -7*b**3 - b**2 - 1. What is j(-2)?
51
Let t(f) = f**2 + 2*f - 6. Give t(-3).
-3
Let r(c) = 3*c + 4. Give r(3).
13
Let o(f) = -3*f**3 + 2*f**2 - 2*f - 2. Calculate o(0).
-2
Let z(v) = -v**2 + 8*v - 6. Give z(9).
-15
Let o(l) = 6*l - 1. What is o(7)?
41
Let g(j) = -j**3 + j**2 + 10. Give g(0).
10
Let l(j) = 4*j - 7. What is l(-5)?
-27
Let l(a) = 3*a + 12. Calculate l(-10).
-18
Let x(o) = 4*o - 6. Give x(5).
14
Let i(s) = -20*s - 14. Give i(-1).
6
Let m(f) = 8*f + 132. Calculate m(-17).
-4
Let p(r) = r + 23. Determine p(-18).
5
Let q(b) = 2*b**3 + 41*b**2 + 24*b - 13. Give q(-20).
-93
Let a(l) = 2*l + 24. Give a(-11).
2
Let x(h) = h**2 - 12*h + 1. Give x(10).
-19
Let h(q) = -30*q + 1. Determine h(1).
-29
Let u(m) = -m**3 + 6*m**2 + 17*m + 1. Give u(8).
9
Let b(n) = -15*n - 69. Give b(-5).
6
Let f(z) = z**3 + 8*z**2 + 10*z - 12. Determine f(-5).
13
Let g(y) = y**3 + 8*y**2 - 8*y + 4. Determine g(-9).
-5
Let t(i) = -i**2 + 13. Calculate t(-3).
4
Let l(n) = -7*n - 50. Calculate l(-8).
6
Let s(n) = -7*n + 18. Give s(2).
4
Let o(p) = p**3 - 3*p**2 + 7*p + 2. Calculate o(4).
46
Let y(a) = a**3 + 12*a**2 - 5*a - 41. What is y(-11)?
135
Let v(w) = -17*w**2 + 81*w. Give v(5).
-20
Let g(o) = -177*o + 1064. Calculate g(6).
2
Let u(h) = -2*h**3 - 29*h**2 + 11*h - 65. Calculate u(-15).
-5
Let u(i) = 53*i - 20. Calculate u(2).
86
Let l(w) = -9*w + 25. What is l(2)?
7
Let x(i) = -2*i**2 - 13*i - 7. Calculate x(-6).
-1
Let o(h) = -h**2 - 25*h + 28. Give o(-26).
2
Let c(h) = -h**3 + 7*h**2 + 10*h + 4. Give c(8).
20
Let g(z) = z**3 + 6*z**2. Give g(-5).
25
Let i(q) = 2*q**2 - 43*q + 18. Give i(22).
40
Let c(s) = -4*s - 1. Give c(-1).
3
Let i(n) = -7*n + 5. Determine i(1).
-2
Let x(m) = m**3 - 5*m**2 + 2*m - 6. What is x(5)?
4
Let m(c) = -c**2 - 42*c - 81. What is m(-40)?
-1
Let n(u) = -u**2 - 11*u - 4. Determine n(-7).
24
Let u(m) = 2*m**3 + m. Determine u(-1).
-3
Let q(r) = -r**2 + 14*r + 12. Give q(10).
52
Let f(s) = -s**3 + 16*s**2 + s - 22. Determine f(16).
-6
Let t(n) = 7*n**2 - n - 6. Determine t(5).
164
Let j(g) = -g**3 - 6*g**2 - 6*g - 3. What is j(-5)?
2
Let c(k) = -3*k**2 - 10*k - 4. Calculate c(-4).
-12
Let s(i) = -6*i - 9. What is s(-4)?
15
Let i(w) = w**2 - 14*w + 7. Determine i(5).
-38
Let u(f) = f**3 + 5*f**2 - 22*f + 9. Give u(-8).
-7
Let f(s) = 11*s - 2. Calculate f(7).
75
Let y(c) = c**3 + c**2 - c - 54. Give y(0).
-54
Let m(u) = u**3 + 2*u**2 + u + 2. Calculate m(-2).
0
Let w(r) = 4*r - 5. Determine w(5).
15
Let k(i) = -i**3 - 9*i**2 + 6*i - 14. Determine k(-10).
26
Let o(d) = 2*d**2 - 46*d + 84. Determine o(2).
0
Let j(r) = -3*r**2 - 5*r - 6. What is j(-4)?
-34
Let g(u) = u**3 + 2*u**2 + 5*u + 4. Give g(-2).
-6
Let b(t) = t**3 - 33*t**2 + 28*t + 124. Determine b(32).
-4
Let j(n) = 6*n + 1. Determine j(1).
7
Let p(x) = x**3 + 9*x**2 - 22*x + 6. Determine p(-11).
6
Let q(y) = y**3 + 4*y**2 - 2*y. Calculate q(-5).
-15
Let w(r) = -6*r**3 - 2*r**2 + 6*r + 8. Give w(-1).
6
Let o(a) = 8*a**3 - 1. What is o(1)?
7
Let m(d) = d**2 + 2*d + 6. Calculate m(-2).
6
Let i(w) = -w**2 - 23*w + 294. Give i(-32).
6
Let z(f) = 46*f**3 - f**2 - f + 2. What is z(1)?
46
Let h(r) = r**3 + 5*r + 3. Calculate h(-3).
-39
Let t(w) = -w**2 - 33*w + 153. What is t(4)?
5
Let a(i) = i**3 + 9*i**2 + 7*i - 13. What is a(-8)?
-5
Let q(a) = -3*a + 7. Calculate q(6).
-11
Let j(n) = -8*n - 40. Determine j(-5).
0
Let r(m) = m**3 + 5*m**2 - 5*m + 1. What is r(-6)?
-5
Let h(o) = o**3 + 4*o**2 - 5*o - 8. What is h(-4)?
12
Let a(h) = h**3 - 22*h**2 + 19*h + 3. Determine a(21).
-39
Let o(t) = -8*t**2 + 3*t + 1. Determine o(-1).
-10
Let y(g) = 2*g**2 + 23*g - 28. Determine y(-13).
11
Let o(c) = c**3 - 10*c**2 - 24*c + 8. Calculate o(12).
8
Let p(v) = 23*v**2 - v. Determine p(1).
22
Let a(s) = -s**3 + 10*s**2 - 23*s - 6. What is a(6)?
0
Let w(m) = m**2 + 31*m + 46. Calculate w(-29).
-12
Let t(x) = -x**3 - 10*x**2 - 11*x + 66. Calculate t(-7).
-4
Let h(a) = -6*a**2 - 42*a - 3. Calculate h(-7).
-3
Let a(o) = -o**3 - 4*o**2 - 2*o + 3. Calculate a(-4).
11
Let f(l) = l**3 - 30*l**2 + 7*l + 645. Give f(29).
7
Let c(g) = g**3 + 16*g**2 + 12*g - 34. What is c(-15)?
11
Let n(a) = a**3 + a**2 + a - 67. Determine n(0).
-67
Let w(u) = -2*u. What is w(-8)?
16
Let l(v) = v**2 + 10*v + 13. Determine l(-7).
-8
Let n(r) = -5*r**2 - r + 5. Determine n(-2).
-13
Let x(y) = -9*y + 3. Give x(3).
-24
Let l(t) = 4*t**3 + 2*t**2 + 3*t + 2. Calculate l(-1).
-3
Let p(b) = 2*b**2 - 34*b - 37. Determine p(20).
83
Let h(r) = -r**3 - 5*r**2 + 8*r + 6. What is h(-6)?
-6
Let w(g) = g**2 - 7*g - 11. Calculate w(9).
7
Let a(b) = -2*b + 3. Give a(7).
-11
Let b(x) = -x**3 - 18*x**2 - 35*x + 4. Give b(-16).
52
Let u(k) = -4*k + 37. What is u(10)?
-3
Let y(g) = -3*g**2. Give y(1).
-3
Let q(u) = u**3 - 5*u**2 - 2*u - 5. Give q(5).
-15
Let w(o) = -o**3 + 20*o**2 + 22*o - 15. Give w(21).
6
Let a(g) = -g**3 + 11*g**2 - 8*g + 20. Determine a(10).
40
Let o(k) = 8*k - 72. Determine o(9).
0
Let w(r) = 4*r + 76. Calculate w(-17).
8
Let b(f) = -2*f**2 - 12*f - 17. Give b(-10).
-97
Let q(j) = j**3 - 8*j**2 - 13*j - 12. Calculate q(10).
58
Let g(d) = d**2 - 27*d - 13. Determine g(26).
-39
Let r(i) = -i**3 + 14*i**2 - 13*i + 10. Give r(13).
10
Let o(g) = 4*g + 66. Calculate o(-17).
-2
Let c(o) = o**3 - 16*o**2 + 51*o + 44. What is c(11)?
0
Let y(d) = -12*d + 54. Calculate y(5).
-6
Let b(h) = -36*h + 1289. Give b(36).
-7
Let c(u) = -8*u - 58. Calculate c(-7).
-2
Let i(y) = -4*y + 13. Give i(1).
9
Let u(x) = -x**3 - 11*x**2 - 7*x - 23. Determine u(-10).
-53
Let h(r) = -13*r**3 + 4*r**2 + 2*r + 1. What is h(-1)?
16
Let u(v) = -v**3 - 10*v**2 - 12*v - 19. Determine u(-9).
8
Let r(i) = -i**2 - 2. Determine r(4).
-18
Let p(b) = -b**3 + 6*b**2 - 7*b - 1. Calculate p(3).
5
Let t(k) = -9*k**2 - 11*k + 6. Calculate t(-3).
-42
Let j(q) = q**3 + 9*q**2 - 12*q - 1. Calculate j(-10).
19
Let p(f) = 11*f + 121. Give p(-12).
-11
Let v(h) = h**3 - 28*h**2 - 28*h - 30. Determine v(29).
-1
Let h(x) = -x**2 - 6*x. Determine h(-7).
-7
Let y(j) = -2*j**2 - 4*j - 3. Determine y(-3).
-9
Let h(j) = -4*j + 4. What is h(0)?
4
Let q(a) = 18*a - 39. Determine q(2).
-3
Let w(x) = x**3 - 10*x**2 + 4*x - 9. Give w(10).
31
Let h(j) = j**3 + 10*j**2 - 12*j + 1. What is h(-11)?
12
Let h(f) = f**2 + 9*f - 30. Give h(0).
-30
Let b(h) = -h**3 - 15*h**2 + 11*h - 3. Determine b(-16).
77
Let o(g) = -g**3 - 4*g**2 - 8*g - 10. Give o(-3).
5
Let m(l) = -4*l - 2. Calculate m(-1).
2
Let j(t) = 5*t + 66. Determine j(-15).
-9
Let q(p) = -19*p**3 - p**2 + 2. Determine q(-1).
20
Let n(z) = z**3 - 8*z**2 + 2*z + 18. Determine n(6).
-42
Let f(b) = -b**3 - 6*b**2 - 2*b + 8. Determine f(-5).
-7
Let o(m) = m**2 + 3*m - 12. Give o(5).
28
Let q(o) = -12*o - 56. Determine q(-4).
-8
Let x(s) = 46*s + 13. Calculate x(-2).
-79
Let y(q) = q**2 - 10*q + 8. Give y(9).
-1
Let h(b) = 2*b**2 + 19*b + 40. What is h(-7)?
5
Let d(x) = x**2 + 19*x - 15. Calculate d(-24).
105
Let n(w) = 3*w + 3. Determine n(-8).
-21
Let a(x) = x**2 + 3*x + 6. Determine a(-4).
10
Let z(m) = -16*m - 73. Determine z(-4).
-9
Let b(r) = 3*r**2 - 13*r - 11. Calculate b(6).
19
Let z(s) = 126*s - 256. Determine z(2).
-4
Let g(l) = 19*l - 14. Calculate g(7).
119
Let z(x) = x**2 + 32*x - 11. Determine z(-32).
-11
Let r(f) = 3*f**2 + 3*f - 9. Calculate r(-4).
27
Let m(o) = -3*o**3 - 3*o**2 - o. Determine m(-2).
14
Let b(o) = o**3 + 16*o**2 - 20*o - 47. Calculate b(-17).
4
Let s(y) = y**3 + 12*y**2 + 23*y + 271. Give s(-12).
-5
Let r(z) = z**3 - 7*z**2 + 11*z - 14. Calculate r(6).
16
Let w(g) = -g*